i - 164. Determine n(-36).
16
Let y(p) = 3*p + 47. What is y(0)?
47
Let p(r) = 5*r - 1. Determine p(4).
19
Let p(l) = 48*l**2 + 31*l - 1. Give p(-1).
16
Let w(l) = 9*l - 127. Determine w(14).
-1
Let s(u) = -15*u**2 - 347*u - 39. Determine s(-23).
7
Let m(o) = -o**3 - o**2 + 46. Calculate m(0).
46
Let d(o) = -o**2 - 7*o + 7. Give d(-7).
7
Let h(a) = -4*a**3 + 2*a + 1. Calculate h(-1).
3
Let a(s) = -4*s**3 + s**2 - 2*s + 3. What is a(2)?
-29
Let h(m) = -2*m**2 - 14*m - 39. Calculate h(-9).
-75
Let y(o) = -o**3 + 10*o**2 - 12*o + 9. Calculate y(6).
81
Let v(o) = -o - 12. Give v(-5).
-7
Let u(y) = -y**3 - 2*y**2 - 41. Calculate u(0).
-41
Let w(f) = -6*f - 131. What is w(-23)?
7
Let n(z) = z**3 - 8*z**2 + 5*z + 5. What is n(7)?
-9
Let c(s) = -2*s**2 + 26*s. Give c(12).
24
Let r(z) = -z**3 - 6*z**2 + 13*z - 15. Determine r(-8).
9
Let h(b) = b**3 - b**2 + b - 8. Calculate h(2).
-2
Let l(y) = 8*y**2 + 2*y - 1. Calculate l(1).
9
Let x(c) = -c - 13. Calculate x(0).
-13
Let w(i) = -7*i**2 + 2*i + 1. Calculate w(-2).
-31
Let q(x) = -x**2 + 24*x - 16. What is q(23)?
7
Let b(o) = -82*o**2 + 1. Determine b(-1).
-81
Let s(p) = 2*p**2 + 58*p + 54. What is s(-28)?
-2
Let o(g) = -44*g + 695. What is o(16)?
-9
Let c(z) = z**3 - z**2 + z - 19. Determine c(0).
-19
Let s(h) = -h**2 + 16*h - 30. What is s(15)?
-15
Let n(x) = x**2 - 25*x - 46. What is n(26)?
-20
Let s(r) = -r**3 + 15*r**2 - 9*r + 16. What is s(14)?
86
Let a(g) = g + 2. What is a(-5)?
-3
Let a(p) = p**2 - 13*p - 5. Give a(17).
63
Let f(c) = c**3 - 6*c**2 + 3*c - 8. Give f(6).
10
Let n(k) = k**3 - 2*k**2 + 3*k - 4. Calculate n(2).
2
Let h(d) = -7*d + 1. What is h(2)?
-13
Let u(m) = -m**2 + 12*m - 14. Give u(0).
-14
Let q(i) = -6*i + 11. Give q(8).
-37
Let i(p) = 17*p**2 - p. Give i(-1).
18
Let y(l) = -2*l + 8. Give y(5).
-2
Let i(o) = o**3 + 9*o**2 - 5. Calculate i(-9).
-5
Let w(v) = -22*v + 1. Calculate w(-1).
23
Let j(g) = -g**3 - 9*g**2 + 12*g + 17. Determine j(-10).
-3
Let f(r) = -2*r**3 + 7*r**2 + 5*r - 3. Determine f(4).
1
Let f(o) = 16*o - 18. Calculate f(2).
14
Let m(v) = -v**3 + 6*v**2 + 11*v + 16. What is m(8)?
-24
Let c(g) = -g**2 + 11*g + 1. Give c(11).
1
Let v(d) = -20*d - 129. Give v(-7).
11
Let u(m) = 8*m - 308. Give u(39).
4
Let t(n) = -5*n + 5. Give t(2).
-5
Let v(i) = -15*i + 87. Determine v(6).
-3
Let k(o) = -o**3 + 7*o**2 - 2*o + 10. Calculate k(7).
-4
Let g(v) = -v**3 + 5*v**2 + 2*v - 1. What is g(4)?
23
Let u(d) = -6*d + 210. Calculate u(37).
-12
Let o(t) = -24*t + 93. Determine o(4).
-3
Let k(w) = -w**3 - 5*w**2 - 8*w - 7. Calculate k(-3).
-1
Let q(s) = -4*s + 7. Calculate q(5).
-13
Let q(j) = j**3 + 5*j**2 - 4*j + 2. Calculate q(-5).
22
Let f(p) = -p**2 - 7*p + 178. What is f(-18)?
-20
Let w(o) = -2*o**3 + 12*o**2 + 3*o + 1. What is w(6)?
19
Let j(d) = 35*d - 1. Give j(-2).
-71
Let t(y) = 3*y + 1. Calculate t(6).
19
Let h(q) = q**3 + 6*q**2 - 6*q - 17. Calculate h(-7).
-24
Let f(h) = -h + 2. What is f(13)?
-11
Let n(k) = k - 2. Calculate n(8).
6
Let m(j) = -4*j - 23. Calculate m(-10).
17
Let c(g) = 3*g**2 + 5*g - 5. Determine c(-5).
45
Let u(f) = f**3 + 13*f**2 + 3*f - 15. Calculate u(-13).
-54
Let n(o) = 57*o - 858. Give n(15).
-3
Let i(g) = -g**3 + 8*g**2 + 34*g - 4. Give i(11).
7
Let t(y) = -2*y**2 + 17*y + 2. Determine t(8).
10
Let r(w) = 70*w + 915. Calculate r(-13).
5
Let v(k) = -k**3 - 9*k**2 + 3*k + 4. Give v(-9).
-23
Let l(s) = -3*s - 5. What is l(-6)?
13
Let b(o) = o**3 + 8*o**2 + 3*o + 3. Calculate b(-7).
31
Let v(x) = x**2 - 15*x - 31. Give v(12).
-67
Let c(b) = b**3 - 4*b**2 + 4*b + 1. Calculate c(4).
17
Let f(w) = -12*w - 25. What is f(-2)?
-1
Let f(c) = -3*c - 12. Give f(-9).
15
Let m(v) = -9*v + 83. Give m(10).
-7
Let d(u) = 2*u - 17. Determine d(8).
-1
Let z(g) = 4*g**2 - 2*g - 7. Calculate z(-4).
65
Let o(z) = -z**3 - 20*z**2 + 23*z + 28. What is o(-21)?
-14
Let l(r) = 7*r - 298. Calculate l(44).
10
Let x(v) = -29*v + 9. Give x(-4).
125
Let q(m) = 5*m + 29. What is q(-22)?
-81
Let x(m) = m**2 + 5*m + 6. What is x(-7)?
20
Let r(k) = 6*k**2 - 2*k - 4. Determine r(3).
44
Let b(y) = -y**3 - 7*y**2 - 3*y - 14. Give b(-7).
7
Let i(v) = -v**2 - 27*v + 16. Determine i(-28).
-12
Let s(c) = -4*c + 9. Determine s(2).
1
Let o(i) = -i**3 - 10*i**2 + 27*i + 12. Calculate o(-11).
-164
Let j(z) = -19*z - 58. What is j(-4)?
18
Let k(g) = -g**2 + 7*g + 38. Calculate k(10).
8
Let h(x) = x**2 + 10*x - 8. Give h(-11).
3
Let a(z) = 34*z + 22. What is a(-1)?
-12
Let u(m) = m**2 - 3*m - 10. What is u(-4)?
18
Let y(c) = -c**3 - 6*c**2 - 10*c - 20. Give y(-4).
-12
Let l(v) = -10*v - 1. What is l(1)?
-11
Let p(t) = 18*t + 566. Determine p(-32).
-10
Let h(k) = 8*k - 64. What is h(4)?
-32
Let o(g) = 3*g + 11. Determine o(-4).
-1
Let o(i) = -3*i + 84. Give o(28).
0
Let g(f) = -12*f. Give g(1).
-12
Let z(g) = -g**2 + 9*g + 51. What is z(13)?
-1
Let m(q) = 14*q + 3. Calculate m(-2).
-25
Let x(w) = w**2 - 11*w + 39. Calculate x(5).
9
Let r(g) = -g**3 + 9*g**2 - 10*g - 4. Give r(5).
46
Let o(h) = -2*h**3 + 2*h**2 + 3*h - 3. Determine o(2).
-5
Let x(z) = z - 1. Give x(-3).
-4
Let a(j) = -j**2 + 13*j - 35. Determine a(9).
1
Let s(o) = -14*o + 87. Calculate s(5).
17
Let p(l) = -3*l**2 - 39*l + 10. Calculate p(-13).
10
Let z(n) = -6*n - 11. Give z(-11).
55
Let w(l) = -2*l**2 - 33*l - 16. Give w(-16).
0
Let h(k) = -k**3 - 13*k**2 + 5. What is h(-13)?
5
Let l(d) = -2*d**2 - 1. What is l(-4)?
-33
Let b(v) = v**3 + 12*v**2 + 1. Give b(-12).
1
Let v(c) = c**3 - 19*c**2 - 44*c - 6. Calculate v(21).
-48
Let x(m) = -m**3 + 7*m**2 + 20*m - 17. Calculate x(9).
1
Let z(t) = -t + 5. Calculate z(1).
4
Let j(h) = -3*h + 5. What is j(7)?
-16
Let h(m) = -41*m + 2. Calculate h(-1).
43
Let y(a) = -a**3 - 13*a**2 + 51*a + 18. Give y(-16).
-30
Let m(h) = -h**2 - 15*h - 27. Give m(-13).
-1
Let q(w) = w**3 + 11*w**2 + 16*w - 4. What is q(-7)?
80
Let z(w) = -10*w - 6. What is z(-6)?
54
Let z(n) = 19*n**2 - 3*n + 4. Determine z(1).
20
Let y(r) = r**2 + 20*r - 2. What is y(-20)?
-2
Let x(z) = -2*z**3 + 13*z**2 - 5*z + 12. Determine x(6).
18
Let d(p) = p**2 - 11*p - 11. Give d(15).
49
Let r(s) = s**2 + 8*s - 4. Give r(-5).
-19
Let q(z) = 11*z - 35. Calculate q(3).
-2
Let w(z) = -2*z**3 - 69*z**2 + 38*z + 111. What is w(-35)?
6
Let t(m) = -7*m**2 + m - 1. Give t(1).
-7
Let q(a) = 2*a**2 - 3*a - 3. Calculate q(-1).
2
Let j(s) = -2*s**2 + 9*s + 1. Determine j(4).
5
Let g(p) = 4*p - 16. Give g(7).
12
Let f(w) = 3*w**2 - 32*w + 31. Calculate f(1).
2
Let f(g) = -9*g - 107. What is f(-12)?
1
Let v(t) = -4*t**2 + 11*t - 4. What is v(3)?
-7
Let h(i) = 4*i - 87. Calculate h(22).
1
Let o(x) = x**2 - 13*x + 38. Calculate o(3).
8
Let w(n) = 75*n**2 + 2*n - 1. What is w(1)?
76
Let v(k) = k**3 - 6*k**2 + k + 6. Calculate v(5).
-14
Let t(d) = -2*d**3 + 11*d**2 - 17*d - 7. Calculate t(2).
-13
Let g(v) = v**3 - 8*v**2 + 7*v + 12. Give g(7).
12
Let s(b) = -b**2 + 12*b + 22. Give s(14).
-6
Let m(k) = k**2 - 12*k - 1. Determine m(12).
-1
Let v(u) = -3*u**3 + 3*u**2 + 4*u + 4. What is v(-3)?
100
Let d(u) = -u**2 + 5*u - 2. Give d(3).
4
Let q(g) = -g**2 - 13*g - 7. Give q(-13).
-7
Let n(v) = 4*v + 40. What is n(-9)?
4
Let k(u) = 10*u - 44. Calculate k(3).
-14
Let i(n) = 21*n + 2. Determine i(2).
44
Let o(p) = p**3 + 7*p**2 - 12*p - 16. Determine o(-8).
16
Let i(s) = s**3 - 8*s**2 + 4*s - 37. Determine i(8).
-5
Let f(x) = x**3 + 2*x**2 - 22*x + 6. Calculate f(-7).
-85
Let j(o) = o**3 - 11*o**2 + 15*o - 12. Determine j(9).
-39
Let j(q) = q**3 - 6*q**2 + 7*q - 8. Give j(6).
34
Let r(m) = -3*m**2 + 5*m + 5. What is r(0)?
5
Let l(o) = -o + 6. What is l(5)?
1
Let q(t) = -t**2 - 13*t - 12. Determine q(-12).
0
Let t(c) = 346*c + 3466. Calculate t(-10).
6
Let f(v) = -16*v. Determine f(1).
-16
Let f(s) = -s**2 + 13*s + 16. Determine f(15).
-14
Let t(o) = -o**3 + 24*o**2 - 46*o + 30. What is t(22)?
-14
Let f(k) = -k**2 - 10*k - 9. Calculate f(-7).
12
Let l(a) = a**2 + 2*a - 39. Give l(10).
81
Let d(w) = -w**3 - 9*w**2 + 6*w - 6. Calculate d(-9).
-60
Let f(v) = 4*v**2 - 51*v + 1. What is f(13)?
14
Let g(x) = x**3 + 3*x**2 + 4*x + 2. Give g(-3).
-10
Let h(i) = i**2 + 2*i + 2. Calculate h(-1).
1
Let n(w) = -w - 21. Calculate n(-11).
-10
Let s(q) = 2*q - 12. Calculate s(8).
4
Let q(g) = -5*g**3 + 35*g**2 - g - 1. Calculate q(7).
-8
Let l(m) = -m**2 - 65*m +